*u**2 + u. Give a(g).
-18
Suppose -4 = 2*k - 0. Let r(f) be the second derivative of -f**5/20 - f**4/6 + f**3/6 - 7*f. What is r(k)?
-2
Suppose 4*c - 32 = -16. Let w(p) = -p**2 - 5*p. Let t be w(-3). Suppose t = c*k - 2*k. Let a(r) = r**2 - 3*r + 2. What is a(k)?
2
Let k(o) = o - 1. Let y(w) = -8*w + 4. Let t(n) = -4*k(n) - y(n). Give t(-6).
-24
Let l = 69 - 63. Let i be 76/(-114) + (-4)/l*-4. Let d(m) = -m**2. Give d(i).
-4
Let m(l) = -l**2 - 2*l**2 + 4*l**2 + 8. Let b(n) = 2*n + 6*n + 6*n - n**3 - 13*n. Let d be b(-1). Calculate m(d).
8
Let a(s) be the first derivative of -2*s**2 + 21*s - 98. Give a(0).
21
Let z(g) = -9*g**2 + 16*g - 14. Let c(x) = 5*x**2 - 9*x + 7. Let o(j) = 11*c(j) + 6*z(j). Let u = 5 - 0. What is o(u)?
3
Let f(t) = t**2 + 31*t + 37. Let j(b) = -b**3 - 5*b**2 + 5*b + 3. Let o be j(-3). Give f(o).
7
Let u(q) = q**2 + 9*q + 6. Let v(k) be the first derivative of 4/3*k**3 + 37/2*k**2 + 23*k - 4. Let z(y) = 9*u(y) - 2*v(y). What is z(-6)?
2
Let b(v) = -v**3 - 9*v**2 + 3*v + 14. Let d(h) = -h - 1. Let q(w) = b(w) + d(w). What is q(-9)?
-5
Let u be 0 + -2 + 7 + -2. Let c(z) = -3*z + u - 2 + z + 1. What is c(5)?
-8
Let x = -19 + 24. Let p(f) = 13*f - 16*f**3 - 5 - 4*f - f**2 + 2. Let q(z) = -8*z**3 - z**2 + 5*z - 2. Let i(h) = x*q(h) - 3*p(h). Calculate i(-1).
-9
Let q(r) = -r + 6. Let s be q(6). Let m(b) = -4*b - b + s*b + 4*b. Let z = -6 - -14. What is m(z)?
-8
Let f(t) be the first derivative of -t**4/4 - t**3 + 3*t**2/2 - 3*t - 472. Give f(3).
-48
Suppose 222*k - 216*k = -12. Let q(o) = 3*o**2 + 3*o + 5. Calculate q(k).
11
Let q(a) = a**3 - 5*a**2 - 7*a + 3. Let g be 4*(-2 - -3 - -5)/4. Let k be q(g). Let r(l) be the first derivative of l**2/2 - 2*l + 1. Give r(k).
-5
Let r(j) be the third derivative of 0*j + 0 - 1/6*j**3 + j**2 + 1/24*j**4. Calculate r(8).
7
Let r(a) = 33*a - 90. Let w(v) = -3*v + 9. Let h(z) = 2*r(z) + 21*w(z). Determine h(-7).
-12
Let g(c) = c**2 - 3*c + 2. Let u(z) = -3*z**3 - 6*z**3 - z + 5*z**2 - 7*z**2. Let w be u(-1). Suppose 4*k = w*k - 12. Determine g(k).
2
Suppose 38*f - 42*f = -2716. Let w(k) = -k + k**3 + 8 - 1364*k**2 + f*k**2 + 679*k**2. Determine w(6).
2
Let o(u) be the third derivative of u**5/60 - 7*u**4/24 + u**3/2 + 5*u**2 + 5*u. Let w be (3/(-6))/((-2)/60). Suppose -z - 4*z = -w. Determine o(z).
-9
Let h(m) = m**3 - m**2 - 5. Suppose 3*v = 5*v. Let p be v/(4/(-16)*-4). What is h(p)?
-5
Let s(h) = h + 4*h**2 - 3*h - 1 - 3*h**2 + 4*h. Let a be s(1). Let o(n) = 3*n**2 - n - 3. Let r(x) = -3*x**2 + 3. Let i(c) = 4*o(c) + 5*r(c). Give i(a).
-17
Let s(g) = 57*g + 70. Let h(d) = 161*d + 209. Let k(t) = -6*h(t) + 17*s(t). Determine k(21).
-1
Let y = 16 - 8. Let m(g) = -3*g - 4*g - 39 + 12 + g**2 + 20. Determine m(y).
1
Suppose -10 = -2*g - 0. Suppose 0 = 5*m - 119 + 14. Suppose -4*b - h + m = 0, -3*h - 5 = -g*b - 0*h. Let n(z) = -z**2 + 4*z - 6. Give n(b).
-6
Suppose -4*b = 57 + 43. Let c = b - -20. Let l(p) = p**2 + 3*p. What is l(c)?
10
Let s(f) be the first derivative of -f**7/840 - f**6/60 - f**5/40 + 5*f**4/24 + 13*f**3/3 + 11. Let z(g) be the third derivative of s(g). Determine z(-5).
-5
Let x(r) = -9*r**2 + r - 1. Let v(h) = -2*h**2 - 5*h - 2. Let u be v(-5). Let w = 30 + u. Let y = 4 - w. Calculate x(y).
-9
Let w = 135 - 132. Let b(v) = -4*v**2 - 4*v - 6. Let k(h) = -7*h**2 - 9*h - 11. Let u(r) = w*k(r) - 5*b(r). Give u(-5).
7
Let z be 1/(32/28 + -1). Suppose -z = -3*i + 8. Let x(a) = a**2 - i - 4 - 5*a + 12 - 2. Calculate x(2).
-5
Suppose -s - 4*l + 21 = 0, 0 = 3*s + l + 2*l - 18. Let u be -1 + 2 + (s - 3). Let o(w) = -w**2 + 1. Give o(u).
0
Let z(m) = m**2 + 1. Let n(s) = -2*s**2 - 3*s - 8. Suppose -5*q + 1 = -4*l, -2*q - 24 = 4*l - 2. Let y(o) = q*z(o) - n(o). Calculate y(5).
-5
Let v(q) = -1913*q + 952*q + 3 + 962*q. Suppose 2*y + 20 = -0*c + 5*c, -16 = 2*y - 4*c. What is v(y)?
3
Let s(y) = 2*y + 127*y**2 - 265*y**2 - 1 + 129*y**2. Determine s(2).
-33
Let i be 9/2*14/21. Suppose 2*f + 5*q = -66, -i*q = 2*q + 20. Let l = f - -20. Let o(n) = -n**3 - 3*n**2 + 2*n - 1. Give o(l).
-7
Let b(i) be the second derivative of i**8/6720 + i**7/1260 - i**6/720 + i**5/60 - i**4/12 + 29*i. Let m(s) be the third derivative of b(s). What is m(2)?
16
Let g(x) = 2*x**2 + 14*x + 3. Let p be g(-7). Let i(t) = -3 + 2 + 11*t - p*t - 3 + t**2. What is i(-7)?
-11
Let c(f) = 8*f**3 - 2*f**2 - 3*f. Let y(q) = 17*q**3 - 5*q**2 - 8*q. Let r(b) = -5*c(b) + 2*y(b). Calculate r(1).
-7
Let f(q) be the second derivative of -q**4/12 - q**3 - q**2/2 - 2*q - 3. What is f(-5)?
4
Let d(a) be the third derivative of 0 - 1/24*a**4 + 22*a**2 + 0*a**3 + 0*a - 23/60*a**5. Calculate d(1).
-24
Let s(b) = -b**3 + 6*b**2 - 5. Suppose -d - 5*p + 1 - 17 = 0, 0 = 5*p + 20. Give s(d).
27
Suppose 2*u - 9 - 1 = 0. Let p be (-430)/40 - (-1)/(-4). Let r(n) = -13*n**2 + 6*n - 17. Let d(a) = 7*a**2 - 3*a + 9. Let f(s) = p*d(s) - 6*r(s). Give f(u).
13
Let q(c) = -820*c + 411*c + 410*c - 5 - 5. Determine q(8).
-2
Let b(s) be the first derivative of 9*s**2/2 - s + 1. Let u = -79 - -82. Suppose -4*c + u*k + 16 = 0, 2*c + 2*k + 2 = -4. What is b(c)?
8
Let h(v) be the first derivative of v**3/3 + 5*v**2 + 10*v + 2474. Suppose -2*g = 14 + 4. What is h(g)?
1
Let a(l) = -l + 3. Let k be a(6). Let t = k + 5. Let u(j) = 10*j + j - 11 - 5*j - j**3 - 7*j**t. Determine u(-8).
5
Let c(n) be the second derivative of -n**3/6 - n**2 + 196*n. Let r = -7 + 4. Calculate c(r).
1
Let w(h) = -h**2 + 1. Let s(n) = n + 2. Suppose 13 = 5*m + 3. Let u(t) = m*w(t) - s(t). Calculate u(-2).
-6
Let q(g) = 4 - 26 + 20 + 11*g. Determine q(-2).
-24
Let g(m) = 4*m - 1. Let o(p) = p**3 + 13*p**2 + p + 13. Let v be o(-13). Suppose 3*f - 5 = -3*c + 2*c, v = -2*c - 8. Calculate g(f).
11
Let q be -9*1/27*-6. Let l(o) = 9*o - 6. What is l(q)?
12
Let d(g) = -2*g + 6. Suppose 3*q - 5*q + 22 = 0. Let l = 134 + -140. Let u = l + q. Calculate d(u).
-4
Let m(f) be the second derivative of f**3/2 - f**2/2 - 3*f. Let g(y) = y**2 - 35*y - 204. Let x be g(40). Calculate m(x).
-13
Let c be (-24)/3 - (-8 + 4). Let u(z) = 6*z**3 - 5*z**2 - 2*z - 4. Let t(n) = -5*n**3 + 4*n**2 + 2*n + 3. Let d(i) = c*u(i) - 5*t(i). Give d(-2).
-3
Let z = -27 + 31. Let i(m) = -4*m + 2 - 2*m**2 - z*m**3 + 4*m**2 + 5*m**3. What is i(2)?
10
Suppose 0*f - 22 = -11*f. Let x(v) = -44*v + 2*v**f + 43*v + v**2. Give x(2).
10
Let z(r) = -r**3 - 15*r**2 - 2. Let i be z(-15). Let n(x) = 4*x**2 - 4*x - 5. Let l(k) = k**2 - k - 1. Let c(q) = 3*l(q) - n(q). Determine c(i).
-4
Let w be (-42)/(-12) + 17/(-2). Let c(r) = -9*r - 21. Give c(w).
24
Let n(p) be the second derivative of -2*p**2 + 1/12*p**4 + 0 + 9*p + 1/2*p**3. What is n(-4)?
0
Let d(l) = -5*l - 11. Let q be ((-1)/3)/((-2 - -7)/120). Give d(q).
29
Let p(k) = -k**2 + 2*k + 9. Suppose f - 16 = 4*c - 0*f, -18 = 2*c - 3*f. Give p(c).
-6
Let w(o) = 5*o**3 - 8*o**2 + 8*o + 3. Let z(l) = -l. Let q be z(-2). Let s be 4 - (4/q - 2). Let h(k) = k**3 + 1. Let p(f) = s*h(f) - w(f). What is p(7)?
-6
Let b(o) = -18*o**2 + 5 + 4*o + 22*o**2 - 8*o**3 + 9*o**3. Give b(-4).
-11
Let u(g) = -194*g - 1358. Let m be u(-7). Let l(w) = 0*w**3 + w**2 - 5 - 17 - w + w**3. What is l(m)?
-22
Let g(f) = -f**3 - 2*f + 21. Suppose 0 = -0*p - 36*p. Determine g(p).
21
Let n(z) = 3*z**2 - 1 - 1 + 6*z - 2*z**2. Let f = -28 - -50. Let g = -28 + f. Determine n(g).
-2
Let w(y) be the second derivative of y**3/6 + y**2/2 + y + 674. Let m = -10 + 19. What is w(m)?
10
Let y = 10 + -19. Let g = 7 + y. Let w(q) = q**2 + 2*q. Give w(g).
0
Let f = 16 + -13. Let r be 2 + f*(-4)/12. Let w(d) = 4*d**3 + d - 1. Give w(r).
4
Let a(l) = -l**3 - 22*l**2 + 11. Let z be a(-22). Let j(s) = 1 - s + 4 + 4 - z. Determine j(4).
-6
Let u(t) = -6*t**2 - t - 1. Let v be -1*2 + (10 - -24). Let l = -33 + v. What is u(l)?
-6
Let f(i) be the third derivative of 4/3*i**3 - 1/8*i**4 + 1/60*i**5 + 0*i + 0 + 4*i**2. Let k(m) be the first derivative of f(m). What is k(5)?
7
Suppose a + 5 = 2*c, -4*a + 3*a - 5 = 3*c. Let x be (42/35*-1)/(2/a). Let d(g) = -2*g + 4. What is d(x)?
-2
Let d be (6/36)/((-2)/(-12)) + 2. Let s(p) = -2 + p + 5 - p**2 - 3*p**d + 0 - 2. Suppose 2*g + 3 = -g. Determine s(g).
2
Let x(k) = 4*k - 29. Suppose 0 = 111*i - 46*i - 975. Calculate x(i).
31
Let p = -563 - -564. Let k(n) = 5*n. Give k(p).
5
Let o(h) be th